{"id":4756,"date":"2023-02-19T21:36:34","date_gmt":"2023-02-19T20:36:34","guid":{"rendered":"https:\/\/agenciaseonetbulb.com\/noticias\/?page_id=4756"},"modified":"2024-03-17T22:02:55","modified_gmt":"2024-03-17T21:02:55","slug":"que-es-autoridad-del-dominio","status":"publish","type":"page","link":"https:\/\/agenciaseonetbulb.com\/noticias\/diccionario-seo\/que-es-autoridad-del-dominio\/","title":{"rendered":"Autoridad del dominio"},"content":{"rendered":"\n<p>Hoy en el&nbsp;<a href=\"https:\/\/agenciaseonetbulb.com\/noticias\/diccionario-de-seo\/\" target=\"_blank\" rel=\"noreferrer noopener\">diccionario SEO<\/a>&nbsp;os traemos un nuevo t\u00e9rmino y os vamos a explicar \u00ab<strong>qu\u00e9 es autoridad del dominio<\/strong>\u00bb de manera clara y tangible donde te permitir\u00e1 ver con mayor claridad esta descripci\u00f3n:<\/p>\n\n\n\n<h2 class=\"wp-block-heading\">Qu\u00e9 es Autoridad del dominio<\/h2>\n\n\n\n<h3 class=\"wp-block-heading\">Definici\u00f3n de Autoridad del dominio<\/h3>\n\n\n\n<p>La autoridad del dominio es una medida de la confianza y calidad de un sitio web en los ojos de los motores de b\u00fasqueda. Se basa en varios factores, como la calidad y cantidad de los enlaces que apuntan al sitio web y la edad del dominio.<\/p>\n\n\n\n<p>En t\u00e9rminos generales, un sitio web con una alta autoridad de dominio tendr\u00e1 m\u00e1s probabilidades de obtener un mejor posicionamiento en los resultados de b\u00fasqueda y, por lo tanto, atraer m\u00e1s tr\u00e1fico org\u00e1nico.<\/p>\n\n\n\n<p>Existen varias herramientas de SEO que pueden calcular la autoridad del dominio de un sitio web, como Moz, <a href=\"https:\/\/agenciaseonetbulb.com\/noticias\/alternativas-ahrefs\/\">Ahrefs<\/a> y SEMrush. Estas herramientas utilizan diferentes factores y algoritmos para calcular la autoridad del dominio, por lo que es posible que los resultados var\u00eden entre herramientas.<\/p>\n\n\n\n<h3 class=\"wp-block-heading\">MOZ<\/h3>\n\n\n\n<p><a href=\"https:\/\/moz.com\/\" target=\"_blank\" data-type=\"URL\" data-id=\"https:\/\/moz.com\/\" rel=\"noreferrer noopener\">Moz <\/a>utiliza su propia m\u00e9trica de autoridad de dominio, que se basa en la calidad y cantidad de los enlaces que apuntan al sitio web, as\u00ed como en otros factores, como la relevancia del contenido y la calidad del tr\u00e1fico. La m\u00e9trica de autoridad de dominio de Moz se calcula en una escala de 0 a 100, donde 100 es la puntuaci\u00f3n m\u00e1s alta.<\/p>\n\n\n\n<h3 class=\"wp-block-heading\">Ahrefs <\/h3>\n\n\n\n<p><a href=\"https:\/\/ahrefs.com\/es\" target=\"_blank\" data-type=\"URL\" data-id=\"https:\/\/ahrefs.com\/es\" rel=\"noreferrer noopener\">Ahrefs <\/a>tambi\u00e9n tiene su propia m\u00e9trica de autoridad de dominio, conocida como Domain Rating (DR). Esta m\u00e9trica se basa en el n\u00famero y calidad de los enlaces que apuntan al sitio web y se calcula en una escala de 0 a 100, donde 100 es la puntuaci\u00f3n m\u00e1s alta.<\/p>\n\n\n\n<h3 class=\"wp-block-heading\">SEMrush <\/h3>\n\n\n\n<p>Por \u00faltimo, <a href=\"https:\/\/es.semrush.com\/\" target=\"_blank\" data-type=\"URL\" data-id=\"https:\/\/es.semrush.com\/\" rel=\"noreferrer noopener\">SEMrush <\/a>utiliza su propia m\u00e9trica de autoridad de dominio, conocida como Authority Score. Esta m\u00e9trica se basa en el n\u00famero y calidad de los enlaces que apuntan al sitio web, as\u00ed como en otros factores, como la calidad del contenido y la presencia en las redes sociales. La puntuaci\u00f3n de autoridad de dominio de SEMrush se calcula en una escala de 0 a 100, donde 100 es la puntuaci\u00f3n m\u00e1s alta.<\/p>\n\n\n\n<h2 class=\"wp-block-heading\">Conclusi\u00f3n<\/h2>\n\n\n\n<p>La autoridad del dominio es una m\u00e9trica importante para el SEO y hay varias herramientas disponibles que pueden calcularla. Es importante tener en cuenta que estas m\u00e9tricas son solo una gu\u00eda y que el posicionamiento en los resultados de b\u00fasqueda depende de muchos factores adicionales.<\/p>\n","protected":false},"excerpt":{"rendered":"<p>Hoy en el&nbsp;diccionario SEO&nbsp;os traemos un nuevo t\u00e9rmino y os vamos a explicar \u00abqu\u00e9 es autoridad del dominio\u00bb de manera clara y tangible donde te permitir\u00e1 ver con mayor claridad esta descripci\u00f3n: Qu\u00e9 es Autoridad del dominio Definici\u00f3n de Autoridad del dominio La autoridad del dominio es una medida de la confianza y calidad de [&hellip;]<\/p>\n","protected":false},"author":6,"featured_media":0,"parent":4684,"menu_order":0,"comment_status":"closed","ping_status":"closed","template":"","meta":{"_acf_changed":false,"footnotes":"","_links_to":"","_links_to_target":""},"class_list":["post-4756","page","type-page","status-publish"],"acf":[],"_links":{"self":[{"href":"https:\/\/agenciaseonetbulb.com\/noticias\/wp-json\/wp\/v2\/pages\/4756","targetHints":{"allow":["GET"]}}],"collection":[{"href":"https:\/\/agenciaseonetbulb.com\/noticias\/wp-json\/wp\/v2\/pages"}],"about":[{"href":"https:\/\/agenciaseonetbulb.com\/noticias\/wp-json\/wp\/v2\/types\/page"}],"author":[{"embeddable":true,"href":"https:\/\/agenciaseonetbulb.com\/noticias\/wp-json\/wp\/v2\/users\/6"}],"replies":[{"embeddable":true,"href":"https:\/\/agenciaseonetbulb.com\/noticias\/wp-json\/wp\/v2\/comments?post=4756"}],"version-history":[{"count":3,"href":"https:\/\/agenciaseonetbulb.com\/noticias\/wp-json\/wp\/v2\/pages\/4756\/revisions"}],"predecessor-version":[{"id":4771,"href":"https:\/\/agenciaseonetbulb.com\/noticias\/wp-json\/wp\/v2\/pages\/4756\/revisions\/4771"}],"up":[{"embeddable":true,"href":"https:\/\/agenciaseonetbulb.com\/noticias\/wp-json\/wp\/v2\/pages\/4684"}],"wp:attachment":[{"href":"https:\/\/agenciaseonetbulb.com\/noticias\/wp-json\/wp\/v2\/media?parent=4756"}],"curies":[{"name":"wp","href":"https:\/\/api.w.org\/{rel}","templated":true}]}}