{"id":4752,"date":"2023-02-19T21:31:28","date_gmt":"2023-02-19T20:31:28","guid":{"rendered":"https:\/\/agenciaseonetbulb.com\/noticias\/?page_id=4752"},"modified":"2024-03-17T22:02:26","modified_gmt":"2024-03-17T21:02:26","slug":"que-es-anchor-text-texto-ancla","status":"publish","type":"page","link":"https:\/\/agenciaseonetbulb.com\/noticias\/diccionario-seo\/que-es-anchor-text-texto-ancla\/","title":{"rendered":"Anchor Text (texto ancla)"},"content":{"rendered":"\n<p>Hoy en el&nbsp;<a href=\"https:\/\/agenciaseonetbulb.com\/noticias\/diccionario-de-seo\/\" target=\"_blank\" rel=\"noreferrer noopener\">diccionario SEO<\/a>&nbsp;os traemos un nuevo t\u00e9rmino y os vamos a explicar \u00ab<strong>qu\u00e9 es anchor text o texto ancla<\/strong>\u00bb de manera clara y tangible donde te permitir\u00e1 ver con mayor claridad esta descripci\u00f3n:<\/p>\n\n\n\n<h2 class=\"wp-block-heading\">Qu\u00e9 es anchor text o texto ancla<\/h2>\n\n\n\n<h3 class=\"wp-block-heading\">Definici\u00f3n de anchor text<\/h3>\n\n\n\n<p>El texto ancla (tambi\u00e9n conocido como anchor text en ingl\u00e9s) es el texto que se utiliza para enlazar una p\u00e1gina web a otra p\u00e1gina o recurso en l\u00ednea. Es el texto subrayado y con color diferente que aparece en un enlace.<\/p>\n\n\n\n<p>El texto ancla es importante para el SEO ya que puede influir en el posicionamiento de una p\u00e1gina web en los resultados de b\u00fasqueda. Los motores de b\u00fasqueda utilizan el texto ancla para entender de qu\u00e9 trata la p\u00e1gina a la que se est\u00e1 enlazando. Por lo tanto, es importante que el texto ancla sea relevante y est\u00e9 relacionado con el contenido de la p\u00e1gina a la que se est\u00e1 enlazando.<\/p>\n\n\n\n<p>Adem\u00e1s, el texto ancla tambi\u00e9n puede afectar la experiencia del usuario. Un texto ancla claro y descriptivo puede ayudar a los usuarios a entender a d\u00f3nde los llevar\u00e1 el enlace y qu\u00e9 pueden esperar encontrar en la p\u00e1gina de destino.<\/p>\n\n\n\n<p>Es importante utilizar texto ancla de forma natural y coherente en el contenido de una p\u00e1gina web, en lugar de simplemente agregar enlaces con texto ancla irrelevantes o excesivos. Esto puede ser percibido como spam y tener un impacto negativo en el posicionamiento de la p\u00e1gina web.<\/p>\n\n\n\n<h2 class=\"wp-block-heading\">\u00bfPor qu\u00e9 los textos de los enlaces son importantes para el SEO?<\/h2>\n\n\n\n<p>El texto de los enlaces, o texto ancla, es importante para el SEO por varias razones.<\/p>\n\n\n\n<p>En primer lugar, los motores de b\u00fasqueda utilizan el texto ancla para entender de qu\u00e9 trata la p\u00e1gina a la que se est\u00e1 enlazando. Si el texto ancla es relevante y est\u00e1 relacionado con el contenido de la p\u00e1gina de destino, los motores de b\u00fasqueda pueden determinar que la p\u00e1gina es relevante para esa palabra clave o tema en particular. Como resultado, esto puede ayudar a mejorar el posicionamiento de la p\u00e1gina en los resultados de b\u00fasqueda para esa palabra clave o tema.<\/p>\n\n\n\n<p>En segundo lugar, el texto ancla tambi\u00e9n puede afectar la experiencia del usuario. Si el texto ancla es claro y descriptivo, los usuarios pueden entender a d\u00f3nde los llevar\u00e1 el enlace y qu\u00e9 pueden esperar encontrar en la p\u00e1gina de destino. Esto puede aumentar la tasa de clics en los enlaces y mejorar la satisfacci\u00f3n del usuario.<\/p>\n\n\n\n<p>Sin embargo, es importante utilizar el texto ancla de forma natural y coherente en el contenido de una p\u00e1gina web. El uso excesivo o inapropiado de texto ancla puede ser percibido como spam y tener un impacto negativo en el posicionamiento de la p\u00e1gina web. Por lo tanto, es importante utilizar el texto ancla de forma estrat\u00e9gica y relevante para el contenido de la p\u00e1gina.<\/p>\n","protected":false},"excerpt":{"rendered":"<p>Hoy en el&nbsp;diccionario SEO&nbsp;os traemos un nuevo t\u00e9rmino y os vamos a explicar \u00abqu\u00e9 es anchor text o texto ancla\u00bb de manera clara y tangible donde te permitir\u00e1 ver con mayor claridad esta descripci\u00f3n: Qu\u00e9 es anchor text o texto ancla Definici\u00f3n de anchor text El texto ancla (tambi\u00e9n conocido como anchor text en ingl\u00e9s) [&hellip;]<\/p>\n","protected":false},"author":6,"featured_media":0,"parent":4684,"menu_order":0,"comment_status":"closed","ping_status":"closed","template":"","meta":{"_acf_changed":false,"footnotes":"","_links_to":"","_links_to_target":""},"class_list":["post-4752","page","type-page","status-publish"],"acf":[],"_links":{"self":[{"href":"https:\/\/agenciaseonetbulb.com\/noticias\/wp-json\/wp\/v2\/pages\/4752","targetHints":{"allow":["GET"]}}],"collection":[{"href":"https:\/\/agenciaseonetbulb.com\/noticias\/wp-json\/wp\/v2\/pages"}],"about":[{"href":"https:\/\/agenciaseonetbulb.com\/noticias\/wp-json\/wp\/v2\/types\/page"}],"author":[{"embeddable":true,"href":"https:\/\/agenciaseonetbulb.com\/noticias\/wp-json\/wp\/v2\/users\/6"}],"replies":[{"embeddable":true,"href":"https:\/\/agenciaseonetbulb.com\/noticias\/wp-json\/wp\/v2\/comments?post=4752"}],"version-history":[{"count":3,"href":"https:\/\/agenciaseonetbulb.com\/noticias\/wp-json\/wp\/v2\/pages\/4752\/revisions"}],"predecessor-version":[{"id":4772,"href":"https:\/\/agenciaseonetbulb.com\/noticias\/wp-json\/wp\/v2\/pages\/4752\/revisions\/4772"}],"up":[{"embeddable":true,"href":"https:\/\/agenciaseonetbulb.com\/noticias\/wp-json\/wp\/v2\/pages\/4684"}],"wp:attachment":[{"href":"https:\/\/agenciaseonetbulb.com\/noticias\/wp-json\/wp\/v2\/media?parent=4752"}],"curies":[{"name":"wp","href":"https:\/\/api.w.org\/{rel}","templated":true}]}}