{"id":4161,"date":"2022-04-13T18:14:09","date_gmt":"2022-04-13T17:14:09","guid":{"rendered":"https:\/\/agenciaseonetbulb.com\/noticias\/?page_id=4161"},"modified":"2023-02-19T21:10:49","modified_gmt":"2023-02-19T20:10:49","slug":"que-es-la-serp-de-google","status":"publish","type":"page","link":"https:\/\/agenciaseonetbulb.com\/noticias\/diccionario-seo\/que-es-la-serp-de-google\/","title":{"rendered":"SERP de Google"},"content":{"rendered":"\n<figure class=\"wp-block-image size-large\"><a href=\"https:\/\/agenciaseonetbulb.com\/noticias\/wp-content\/uploads\/2022\/04\/serp-google.png\"><img fetchpriority=\"high\" decoding=\"async\" width=\"1024\" height=\"435\" src=\"https:\/\/agenciaseonetbulb.com\/noticias\/wp-content\/uploads\/2022\/04\/serp-google-1024x435.png\" alt=\"serp de google\" class=\"wp-image-4167\" title=\"\" srcset=\"https:\/\/agenciaseonetbulb.com\/noticias\/wp-content\/imagenes\/2022\/04\/serp-google-1024x435.png 1024w, https:\/\/agenciaseonetbulb.com\/noticias\/wp-content\/imagenes\/2022\/04\/serp-google-300x128.png 300w, https:\/\/agenciaseonetbulb.com\/noticias\/wp-content\/imagenes\/2022\/04\/serp-google.png 1200w\" sizes=\"(max-width: 1024px) 100vw, 1024px\" \/><\/a><\/figure>\n\n\n\n<p>Hoy en el\u00a0<a href=\"https:\/\/agenciaseonetbulb.com\/noticias\/diccionario-de-seo\/\" target=\"_blank\" rel=\"noreferrer noopener\">diccionario SEO<\/a>\u00a0os traemos un nuevo t\u00e9rmino y os vamos a explicar \u00ab<strong>qu\u00e9 es la SERP de google<\/strong>\u00bb de manera clara y tangible donde te permitir\u00e1 ver con mayor claridad esta descripci\u00f3n:<\/p>\n\n\n\n<h2 class=\"wp-block-heading\">Qu\u00e9 es el Algoritmo de Google<\/h2>\n\n\n\n<h3 class=\"wp-block-heading\"><strong>Definici\u00f3n de Algoritmo<\/strong><\/h3>\n\n\n\n<p>La SERP o Search Engine Result Pages de google es uno de los conceptos m\u00e1s conocido en marketing digital y especialmetne si trabajas en el SEO.\u00a0El santo grial de una p\u00e1gina web en SEO es un posicionamiento cero (fragmentos destacados) o en los tres primeros resultados de\u00a0<strong>los buscadores<\/strong>.<\/p>\n\n\n\n<figure class=\"wp-block-image size-full\"><a href=\"https:\/\/agenciaseonetbulb.com\/noticias\/wp-content\/uploads\/2022\/04\/posicionamiento-cero-serp.jpg\"><img decoding=\"async\" width=\"997\" height=\"417\" src=\"https:\/\/agenciaseonetbulb.com\/noticias\/wp-content\/uploads\/2022\/04\/posicionamiento-cero-serp.jpg\" alt=\"serp posicin cero\" class=\"wp-image-4162\" title=\"\" srcset=\"https:\/\/agenciaseonetbulb.com\/noticias\/wp-content\/imagenes\/2022\/04\/posicionamiento-cero-serp.jpg 997w, https:\/\/agenciaseonetbulb.com\/noticias\/wp-content\/imagenes\/2022\/04\/posicionamiento-cero-serp-300x125.jpg 300w\" sizes=\"(max-width: 997px) 100vw, 997px\" \/><\/a><\/figure>\n\n\n\n<p>La&nbsp;<strong>visualizaci\u00f3n y la informaci\u00f3n contenida en las p\u00e1ginas de resultados<\/strong>&nbsp;han evolucionado a lo largo del tiempo y los contenidos de las SERP cambian dependiendo de otros elementos.<\/p>\n\n\n\n<p><strong>\u00bfQu\u00e9 es Google SERP<\/strong>&nbsp;?&nbsp;Que contiene??&nbsp;A continuaci\u00f3n os lo explicamos<\/p>\n\n\n\n<h2 class=\"wp-block-heading\">\u00bfQu\u00e9 es SERP?\u00a0Definici\u00f3n<\/h2>\n\n\n\n<p>SERP significa&nbsp;<strong>p\u00e1gina<\/strong>&nbsp;de resultados&nbsp;<strong>del motor<\/strong>&nbsp;de b\u00fasqueda .&nbsp;El SERP de Google mostrar\u00e1 las respuestas a una consulta planteada por los usuarios.&nbsp;<\/p>\n\n\n\n<p>El usuario ingresa su consulta de b\u00fasqueda (a menudo usando t\u00e9rminos y frases espec\u00edficos conocidos como&nbsp;<em>palabras clave<\/em>&nbsp;), sobre lo cual el motor de b\u00fasqueda les presenta un SERP<\/p>\n\n\n\n<p>Por defecto hay 10 resultados por cada SERP y nos encontraresmos: SERP 1, el SERP 2, el SERP 3&#8230;  y as\u00ed sucesivamente que corresponden a las p\u00e1ginas de los resultados de b\u00fasqueda.&nbsp;<\/p>\n\n\n\n<p>El&nbsp;<strong>objetivo de SEO de un p\u00e1gina web<\/strong>&nbsp;es llegar a la primera p\u00e1gina de resultados del motor de b\u00fasqueda de Google.<\/p>\n\n\n\n<p>Hist\u00f3ricamente, la SERP mostraba unos&nbsp;<strong>10 enlaces azules<\/strong>&nbsp;, a veces menos.&nbsp;Se parec\u00eda mucho a una lista con el enlace de la  <strong>p\u00e1gina <\/strong> web,&nbsp;<strong>la meta descripci\u00f3n<\/strong>&nbsp;.&nbsp;La introducci\u00f3n de anuncios pagados, im\u00e1genes, videos ha cambiado los datos de visualizaci\u00f3n de un SERP.&nbsp;El&nbsp;<strong>motor de b\u00fasqueda de Google<\/strong>&nbsp;ha introducido otras caracter\u00edsticas.<\/p>\n\n\n\n<h2 class=\"wp-block-heading\">\u00bfQu\u00e9 hay en la SERP de Google?<\/h2>\n\n\n\n<p>El&nbsp;<strong>contenido de las SERPs<\/strong>&nbsp;se ha enriquecido mucho.&nbsp;La explosi\u00f3n de videos e im\u00e1genes ha cambiado profundamente los resultados de los motores de b\u00fasqueda y las p\u00e1ginas de Google.&nbsp;Contiene&nbsp;<strong>datos de referenciaci\u00f3n natural y de pago<\/strong>&nbsp;.&nbsp;<\/p>\n\n\n\n<p>La&nbsp;<strong>visualizaci\u00f3n de la SERP<\/strong>&nbsp;depender\u00e1 de la naturaleza de la solicitud.&nbsp;Una consulta competitiva generar\u00e1 una amplia variedad de contenido.&nbsp;Por el contrario,&nbsp;<strong>una palabra clave no competitiva<\/strong>&nbsp;generar\u00e1 un SERP solo con referencias naturales.&nbsp;<\/p>\n\n\n\n<p>A continuaci\u00f3n os traemos algunos ejemplos de lo que puedes encontrar en las SERP de Google:<\/p>\n\n\n\n<h3 class=\"wp-block-heading\">Elementos de respuesta de la SEA<\/h3>\n\n\n\n<p>SEA es el acr\u00f3nimo de \u00ab<strong>Search Engine Advertising<\/strong>\u00bb, es decir,&nbsp;<strong>publicidad en buscadores<\/strong>&nbsp;.&nbsp;La mayor\u00eda de los anuncios o publicidad de pago se gestionan en las&nbsp;<strong>plataformas de <a href=\"https:\/\/agenciaseonetbulb.com\/noticias\/diccionario-seo\/que-es-google-ads-adwords\/\">Google Ads<\/a><\/strong>&nbsp;, que sustituy\u00f3 a Google Adwords, o&nbsp;<strong>Google Shopping<\/strong>&nbsp;.&nbsp;\u00bfQu\u00e9 se muestra en los elementos de respuesta del SEA?<\/p>\n\n\n\n<h4 class=\"wp-block-heading\">enlaces de Google ADS<\/h4>\n\n\n\n<figure class=\"wp-block-image size-large\"><a href=\"https:\/\/agenciaseonetbulb.com\/noticias\/wp-content\/uploads\/2022\/04\/serp-anuncios.jpg\"><img decoding=\"async\" width=\"1024\" height=\"555\" src=\"https:\/\/agenciaseonetbulb.com\/noticias\/wp-content\/uploads\/2022\/04\/serp-anuncios-1024x555.jpg\" alt=\"que es la serp de google\" class=\"wp-image-4168\" title=\"\" srcset=\"https:\/\/agenciaseonetbulb.com\/noticias\/wp-content\/imagenes\/2022\/04\/serp-anuncios-1024x555.jpg 1024w, https:\/\/agenciaseonetbulb.com\/noticias\/wp-content\/imagenes\/2022\/04\/serp-anuncios-300x163.jpg 300w, https:\/\/agenciaseonetbulb.com\/noticias\/wp-content\/imagenes\/2022\/04\/serp-anuncios.jpg 1488w\" sizes=\"(max-width: 1024px) 100vw, 1024px\" \/><\/a><\/figure>\n\n\n\n<p>En la SERP muestra entre 0 y 4 resultados en la parte superior de la p\u00e1gina.&nbsp;Son anuncios que se cobran por clic seg\u00fan un sistema de subastas.&nbsp;<\/p>\n\n\n\n<p><strong>Estos enlaces a la <\/strong><strong>p\u00e1gina <\/strong> web a&nbsp;menudo aparecen por encima de los resultados naturales y org\u00e1nicos.&nbsp;Sin embargo, Google tiende cada vez m\u00e1s a&nbsp;<strong>presentar estos resultados tambi\u00e9n en la parte inferior de la p\u00e1gina<\/strong>&nbsp;.<\/p>\n\n\n\n<h4 class=\"wp-block-heading\">compras en google<\/h4>\n\n\n\n<figure class=\"wp-block-image size-full\"><a href=\"https:\/\/agenciaseonetbulb.com\/noticias\/wp-content\/uploads\/2022\/04\/serp-anuncios-visuales-compra-online.jpg\"><img loading=\"lazy\" decoding=\"async\" width=\"999\" height=\"484\" src=\"https:\/\/agenciaseonetbulb.com\/noticias\/wp-content\/uploads\/2022\/04\/serp-anuncios-visuales-compra-online.jpg\" alt=\"anuncios con im\u00e1genes en la serp\" class=\"wp-image-4169\" title=\"\" srcset=\"https:\/\/agenciaseonetbulb.com\/noticias\/wp-content\/imagenes\/2022\/04\/serp-anuncios-visuales-compra-online.jpg 999w, https:\/\/agenciaseonetbulb.com\/noticias\/wp-content\/imagenes\/2022\/04\/serp-anuncios-visuales-compra-online-300x145.jpg 300w\" sizes=\"(max-width: 999px) 100vw, 999px\" \/><\/a><\/figure>\n\n\n\n<p>Estos son&nbsp;<strong>anuncios de Google<\/strong>&nbsp;dedicados a tiendas online.&nbsp;Estos anuncios a menudo toman la forma de una lista de productos (PLA = Anuncios de lista de productos).&nbsp;Los anuncios tambi\u00e9n se cobran por clic.&nbsp;El formato PLA cobra cada vez m\u00e1s importancia de cara a los&nbsp;<strong>enlaces de ADS<\/strong>.<\/p>\n\n\n\n<h3 class=\"wp-block-heading\">Elementos de respuesta SEO<\/h3>\n\n\n\n<p>SEO significa  \u00ab<strong><\/strong><strong>earch Engine Optimization<\/strong>\u00bb  o deicho de otra forma, <strong>optimizaci\u00f3n de motores de b\u00fasqueda<\/strong>. Es la&nbsp;<strong>referenciaci\u00f3n natural y org\u00e1nica de una  <\/strong><strong>p\u00e1gina <\/strong> web&nbsp;.&nbsp;Google muestra el&nbsp;<strong>resultado del contenido<\/strong>&nbsp;que depende de su <a href=\"https:\/\/agenciaseonetbulb.com\/noticias\/diccionario-seo\/que-es-un-algoritmo\/\">algoritmo<\/a>. Aqu\u00ed podemos encontrarnos:<\/p>\n\n\n\n<h4 class=\"wp-block-heading\">resultados organicos<\/h4>\n\n\n\n<p>Para que una  p\u00e1gina  web aparezca en SERP 1, su contenido debe estar optimizado.&nbsp;Google muestra 3 elementos por defecto denominado snippet: la&nbsp;<strong>URL de la p\u00e1gina<\/strong>, el t\u00edtulo, <strong> y la meta description<\/strong><\/p>\n\n\n\n<figure class=\"wp-block-image size-large\"><a href=\"https:\/\/agenciaseonetbulb.com\/noticias\/wp-content\/uploads\/2022\/04\/snipped.jpg\"><img loading=\"lazy\" decoding=\"async\" width=\"1024\" height=\"356\" src=\"https:\/\/agenciaseonetbulb.com\/noticias\/wp-content\/uploads\/2022\/04\/snipped-1024x356.jpg\" alt=\"resultados serp google snippet\" class=\"wp-image-4171\" title=\"\" srcset=\"https:\/\/agenciaseonetbulb.com\/noticias\/wp-content\/imagenes\/2022\/04\/snipped-1024x356.jpg 1024w, https:\/\/agenciaseonetbulb.com\/noticias\/wp-content\/imagenes\/2022\/04\/snipped-300x104.jpg 300w, https:\/\/agenciaseonetbulb.com\/noticias\/wp-content\/imagenes\/2022\/04\/snipped.jpg 1114w\" sizes=\"(max-width: 1024px) 100vw, 1024px\" \/><\/a><\/figure>\n\n\n\n<p>Gracias a los datos estructurados, se pueden mostrar otros elementos.&nbsp;Esta puede ser la fecha de publicaci\u00f3n, que puede ser \u00fatil para una publicaci\u00f3n de blog,&nbsp;<strong>calificaciones y rese\u00f1as<\/strong>&nbsp;, v\u00ednculos a la web,&nbsp;<strong>im\u00e1genes o capturas de pantalla de videos<\/strong>&nbsp;, fechas de eventos, etc.&nbsp;Estos elementos pueden proporcionar informaci\u00f3n adicional y&nbsp;<strong>animar a un usuario a hacer clic<\/strong>&nbsp;.<\/p>\n\n\n\n<h4 class=\"wp-block-heading\">El gr\u00e1fico de conocimiento de Google<\/h4>\n\n\n\n<figure class=\"wp-block-image size-large\"><a href=\"https:\/\/agenciaseonetbulb.com\/noticias\/wp-content\/uploads\/2022\/04\/grafico-conocimiento-google.png\"><img loading=\"lazy\" decoding=\"async\" width=\"1024\" height=\"576\" src=\"https:\/\/agenciaseonetbulb.com\/noticias\/wp-content\/uploads\/2022\/04\/grafico-conocimiento-google-1024x576.png\" alt=\"gr\u00e1fico de conocimiento de google\" class=\"wp-image-4173\" title=\"\" srcset=\"https:\/\/agenciaseonetbulb.com\/noticias\/wp-content\/imagenes\/2022\/04\/grafico-conocimiento-google-1024x576.png 1024w, https:\/\/agenciaseonetbulb.com\/noticias\/wp-content\/imagenes\/2022\/04\/grafico-conocimiento-google-300x169.png 300w, https:\/\/agenciaseonetbulb.com\/noticias\/wp-content\/imagenes\/2022\/04\/grafico-conocimiento-google.png 1920w\" sizes=\"(max-width: 1024px) 100vw, 1024px\" \/><\/a><\/figure>\n\n\n\n<p>Es un&nbsp;<strong>bloque de informaci\u00f3n<\/strong>&nbsp;que proporciona una&nbsp;<strong>respuesta directa a la consulta de los usuarios<\/strong>&nbsp;.&nbsp;El recuadro re\u00fane una serie de elementos y proporciona una descripci\u00f3n general de la respuesta.&nbsp;Dependiendo de la pregunta, el&nbsp;<strong><a href=\"https:\/\/support.google.com\/knowledgepanel\/answer\/9787176?hl=es\" target=\"_blank\" data-type=\"URL\" data-id=\"https:\/\/support.google.com\/knowledgepanel\/answer\/9787176?hl=es\" rel=\"noreferrer noopener\">gr\u00e1fico de conocimiento de Google<\/a><\/strong>&nbsp;adquiere un formato diferente.&nbsp;Este bloque generalmente se muestra en la parte superior derecha de la p\u00e1gina de resultados.<\/p>\n\n\n\n<h4 class=\"wp-block-heading\">fotos y videos<\/h4>\n\n\n\n<p>Las im\u00e1genes y los videos son cada vez m\u00e1s importantes en la&nbsp;<strong>estrategia de adquisici\u00f3n en marketing<\/strong>&nbsp;.&nbsp;Optimizando sus im\u00e1genes&nbsp;, creando contenido de video para promocionar su negocio,&#8230; su capacitaci\u00f3n puede dar sus frutos.<\/p>\n\n\n\n<h4 class=\"wp-block-heading\">resultados locales<\/h4>\n\n\n\n<p>Google primero muestra resultados que est\u00e1n cerca de un usuario de Internet en t\u00e9rminos de geolocalizaci\u00f3n.&nbsp;Por lo tanto, una empresa tendr\u00e1&nbsp;<strong>que actualizar peri\u00f3dicamente su lista de Google My Business<\/strong>&nbsp;. Aunque&#8230; es un poco m\u00e1s de esto que decimos. Por eso, pr\u00f3ximamente ampliaremos este t\u00e9rmino \u00a1Estad atentos!<\/p>\n\n\n\n<h4 class=\"wp-block-heading\">fragmentos destacados<\/h4>\n\n\n\n<p>Es un&nbsp;<strong>bloque que incluye parte de la respuesta a la pregunta del usuario<\/strong>&nbsp;.&nbsp;La barra lateral generalmente contiene un&nbsp;<strong>extracto de la web, un enlace a la p\u00e1gina, el t\u00edtulo y la URL de la p\u00e1gina<\/strong>&nbsp;.<\/p>\n\n\n\n<h4 class=\"wp-block-heading\">b\u00fasqueda universal<\/h4>\n\n\n\n<p>Con este t\u00e9rmino nos referimos la&nbsp;<strong>informaci\u00f3n de otras herramientas de Google<\/strong>&nbsp;.&nbsp;Estos son, por ejemplo, Google News, Google Image o Google Maps.<\/p>\n\n\n\n<h2 class=\"wp-block-heading\">\u00bfC\u00f3mo se muestra el contenido SERP de Google?<\/h2>\n\n\n\n<p>Google no va a mostrar todos los elementos que se muestran arriba.&nbsp;<strong>La p\u00e1gina de resultados<\/strong>&nbsp;depende de varios criterios.<\/p>\n\n\n\n<p>Las formas y presentaciones de los resultados que muestra Google dependen entre otras cosas como:<\/p>\n\n\n\n<ul class=\"wp-block-list\">\n<li>Geolocalizaci\u00f3n<\/li>\n\n\n\n<li>Lenguaje de uso<\/li>\n\n\n\n<li>Centros de datos<\/li>\n\n\n\n<li>Sitios visitados con frecuencia (<a href=\"https:\/\/agenciaseonetbulb.com\/noticias\/algoritmo-rankbrain-google\/\" target=\"_blank\" data-type=\"URL\" data-id=\"https:\/\/agenciaseonetbulb.com\/noticias\/algoritmo-rankbrain-google\/\" rel=\"noreferrer noopener\">algortimo google rankbrain<\/a>)<\/li>\n\n\n\n<li>La&nbsp;<strong>naturaleza de la solicitud<\/strong>&nbsp;(solicitud m\u00f3vil, solicitud de noticias, etc.)<\/li>\n<\/ul>\n\n\n\n<h2 class=\"wp-block-heading\">\u00bfC\u00f3mo posicionarse bien en Google SERP?<\/h2>\n\n\n\n<p>La implementaci\u00f3n de una&nbsp;estrategia de<a href=\"https:\/\/agenciaseonetbulb.com\/noticias\/seo-de-google\/\" target=\"_blank\" data-type=\"URL\" data-id=\"https:\/\/agenciaseonetbulb.com\/noticias\/seo-de-google\/\" rel=\"noreferrer noopener\"> SEO&nbsp;de google<\/a> para una p\u00e1gina web tiene como objetivo lograr SERP 1. Los primeros 3 resultados de la p\u00e1gina de b\u00fasqueda de Google atraen el 75% de los clics.&nbsp;<\/p>\n\n\n\n<p>A lo mejor me indicas que son los resultados de pago los que tienen m\u00e1s visibilidad, verdad?&nbsp;Recuerda que la&nbsp;<strong>SERP de Google<\/strong>&nbsp;solo muestra 4 resultados de enlaces de ADS en la parte superior.<\/p>\n\n\n\n<p>Por lo tanto, tiene mucho tiempo para trabajar en sus palabras clave, pero&#8230; seg\u00fan diferentes herramientas, podemos decir que el SEO si empiezas a conseguir resultados los gastos ser\u00e1n nulos y en cambio con SEM, si dejas de pagar desapareces. <\/p>\n\n\n\n<p>Si nos basamos en el promedio de tr\u00e1fico de Google recibido por mes y los costes en los que se incurrir\u00edan por la compra de este tr\u00e1fico a trav\u00e9s de los anuncios de Google Ads nuestra web vale mensualmente +4.000\u20ac de media pero en realidad, no gastamos nada en campa\u00f1as ADS<\/p>\n\n\n<div class=\"wp-block-image\">\n<figure class=\"aligncenter size-full\"><a href=\"https:\/\/agenciaseonetbulb.com\/noticias\/wp-content\/uploads\/2022\/04\/image.png\"><img loading=\"lazy\" decoding=\"async\" width=\"409\" height=\"156\" src=\"https:\/\/agenciaseonetbulb.com\/noticias\/wp-content\/uploads\/2022\/04\/image.png\" alt=\"valoracion web\" class=\"wp-image-4175\" title=\"\" srcset=\"https:\/\/agenciaseonetbulb.com\/noticias\/wp-content\/imagenes\/2022\/04\/image.png 409w, https:\/\/agenciaseonetbulb.com\/noticias\/wp-content\/imagenes\/2022\/04\/image-300x114.png 300w\" sizes=\"(max-width: 409px) 100vw, 409px\" \/><\/a><figcaption class=\"wp-element-caption\">Fuente | sistrix<\/figcaption><\/figure>\n<\/div>\n\n\n<h3 class=\"wp-block-heading\">La importancia de las SERP para el SEO<\/h3>\n\n\n\n<p>Lo ideal para una p\u00e1gina web es lograr la&nbsp;posici\u00f3n Cero&nbsp;, o un ranking en la primera p\u00e1gina del SERP.&nbsp;<strong>Un usuario se centrar\u00e1 esencialmente en la primera p\u00e1gina de resultados de Google<\/strong>&nbsp;.&nbsp;El posicionamiento de una p\u00e1gina web en un resultado de b\u00fasqueda es muy \u00fatil para&nbsp;<strong>mejorar su referenciaci\u00f3n<\/strong>.<\/p>\n\n\n\n<h3 class=\"wp-block-heading\">Obtener una buena clasificaci\u00f3n en las SERP de Google: \u00bfc\u00f3mo hacerlo?<\/h3>\n\n\n\n<p><strong>Las palabras clave<\/strong>&nbsp;son&nbsp;importantes, pero no solo.&nbsp;<strong>Los contenidos de las p\u00e1ginas web<\/strong>&nbsp;son igual de importantes.&nbsp;Google debe proporcionar una respuesta a la pregunta de un usuario.&nbsp;La b\u00fasqueda que aparece debe responder a esta pregunta.&nbsp;<\/p>\n\n\n\n<p>El contenido relevante&nbsp;<strong>y de calidad aumenta la referencia natural de estas p\u00e1ginas<\/strong>&nbsp;.&nbsp;Las p\u00e1ginas deben leerse y compartirse en las redes sociales.&nbsp;A partir de ahora, tambi\u00e9n es fundamental que&nbsp;<strong>tu web sea mobile friendly<\/strong>&nbsp;.&nbsp;Es importante mejorar la experiencia del usuario.&nbsp;Debe ser lo mismo para un ordenador que para un m\u00f3vil.<\/p>\n\n\n\n<p>Dar la SERP de Google como&nbsp;<strong>una definici\u00f3n de<\/strong>&nbsp;clasificaci\u00f3n de los resultados de b\u00fasqueda de una solicitud realizada por un usuario de Internet es un poco simplista.<\/p>\n\n\n\n<p>S\u00ed, lo es, pero su contenido es importante y evoluciona con el tiempo, y seguir\u00e1 cambiando.&nbsp;Por ejemplo, desde julio se ha observado una ca\u00edda en la visualizaci\u00f3n de resultados enriquecidos en Google (im\u00e1genes, preguntas frecuentes, rese\u00f1as, etc.).&nbsp;<\/p>\n\n\n\n<p>Para lograr SERP 1 o posici\u00f3n cero en Google a trav\u00e9s&nbsp;<strong>de la referenciaci\u00f3n natural<\/strong>&nbsp;, piensa en la calidad y relevancia de tus p\u00e1ginas web.&nbsp;<\/p>\n","protected":false},"excerpt":{"rendered":"<p>Hoy en el\u00a0diccionario SEO\u00a0os traemos un nuevo t\u00e9rmino y os vamos a explicar \u00abqu\u00e9 es la SERP de google\u00bb de manera clara y tangible donde te permitir\u00e1 ver con mayor claridad esta descripci\u00f3n: Qu\u00e9 es el Algoritmo de Google Definici\u00f3n de Algoritmo La SERP o Search Engine Result Pages de google es uno de los [&hellip;]<\/p>\n","protected":false},"author":6,"featured_media":4167,"parent":4684,"menu_order":0,"comment_status":"closed","ping_status":"closed","template":"","meta":{"_acf_changed":false,"footnotes":"","_links_to":"","_links_to_target":""},"class_list":["post-4161","page","type-page","status-publish","has-post-thumbnail"],"acf":[],"_links":{"self":[{"href":"https:\/\/agenciaseonetbulb.com\/noticias\/wp-json\/wp\/v2\/pages\/4161","targetHints":{"allow":["GET"]}}],"collection":[{"href":"https:\/\/agenciaseonetbulb.com\/noticias\/wp-json\/wp\/v2\/pages"}],"about":[{"href":"https:\/\/agenciaseonetbulb.com\/noticias\/wp-json\/wp\/v2\/types\/page"}],"author":[{"embeddable":true,"href":"https:\/\/agenciaseonetbulb.com\/noticias\/wp-json\/wp\/v2\/users\/6"}],"replies":[{"embeddable":true,"href":"https:\/\/agenciaseonetbulb.com\/noticias\/wp-json\/wp\/v2\/comments?post=4161"}],"version-history":[{"count":16,"href":"https:\/\/agenciaseonetbulb.com\/noticias\/wp-json\/wp\/v2\/pages\/4161\/revisions"}],"predecessor-version":[{"id":4730,"href":"https:\/\/agenciaseonetbulb.com\/noticias\/wp-json\/wp\/v2\/pages\/4161\/revisions\/4730"}],"up":[{"embeddable":true,"href":"https:\/\/agenciaseonetbulb.com\/noticias\/wp-json\/wp\/v2\/pages\/4684"}],"wp:featuredmedia":[{"embeddable":true,"href":"https:\/\/agenciaseonetbulb.com\/noticias\/wp-json\/wp\/v2\/media\/4167"}],"wp:attachment":[{"href":"https:\/\/agenciaseonetbulb.com\/noticias\/wp-json\/wp\/v2\/media?parent=4161"}],"curies":[{"name":"wp","href":"https:\/\/api.w.org\/{rel}","templated":true}]}}